 = 55172*x + 606900. Calculate a(-11).
8
Let t(i) = -68549*i - 959691. Calculate t(-14).
-5
Let j(m) = -m**3 + 41*m**2 + 237*m - 29. Determine j(-7).
664
Let p(g) = g**3 - 220*g**2 + 1493*g - 414. Determine p(213).
12
Let o(p) = 109658*p + 2193095. What is o(-20)?
-65
Let l(u) = u**3 + 314*u**2 + 5891*u + 3240. Determine l(-294).
6
Let d(m) = m**3 + 27*m**2 - 216*m - 2114. Calculate d(-32).
-322
Let f(g) = -3*g**2 - 221824*g - 665467. What is f(-3)?
-22
Let o(d) = -d**3 - 179*d**2 - 2749*d + 63. What is o(-162)?
-747
Let o(n) = 2730*n + 69350. What is o(-24)?
3830
Let m(x) = 5*x**2 - 27155*x + 54307. Determine m(2).
17
Let q(w) = -w**3 - 26*w**2 - 166*w - 128. Give q(-7).
103
Let i(z) = -16*z**2 + 916*z + 896. Calculate i(58).
200
Let o(w) = -203*w + 16683. Determine o(81).
240
Let v(o) = -145*o - 24699. What is v(-179)?
1256
Let i(h) = -2870*h - 137771. Calculate i(-48).
-11
Let c(t) = t**3 + 934*t**2 + 30615*t + 531. Determine c(-34).
21
Let q(z) = 4*z**2 + 196*z - 646. What is q(5)?
434
Let b(q) = -4*q**3 - 3*q**2 - 18*q - 27. Give b(-7).
1324
Let y(o) = -33280*o + 166147. What is y(5)?
-253
Let j(g) = -3*g**3 - 1512*g**2 - 14822*g - 988. Give j(-494).
0
Let z(r) = -3431*r + 72548. Calculate z(21).
497
Let i(g) = -2*g**3 + 6313*g**2 - 150366*g + 141. What is i(24)?
-3
Let s(v) = -355*v - 187074. Calculate s(-527).
11
Let g(s) = -5*s**2 + 325*s + 4693. Calculate g(78).
-377
Let z(c) = c**2 - 129*c + 2844. Calculate z(103).
166
Let l(d) = 172*d - 1733. What is l(-1)?
-1905
Let g(l) = -5310*l - 38241. Determine g(-7).
-1071
Let h(z) = z**3 - 11*z**2 + 291*z - 1838. Give h(7).
3
Let g(y) = 10988*y + 2230479. What is g(-203)?
-85
Let w(s) = s**2 + 797*s + 86748. What is w(-130)?
38
Let l(j) = 6*j**2 + 1551*j + 14195. Calculate l(-249).
2
Let o(s) = -s**3 + 13*s**2 + 115*s - 52. Calculate o(19).
-33
Let x(j) = 6211*j - 801251. Determine x(129).
-32
Let o(c) = 218*c - 6483. Determine o(30).
57
Let z(j) = 80370*j - 401841. Calculate z(5).
9
Let n(t) = -9*t**2 + 4656*t - 1584. Determine n(517).
-33
Let h(q) = -8*q**2 + 58*q + 89. Determine h(-4).
-271
Let n(f) = 390*f + 24042. Calculate n(-62).
-138
Let u(m) = 5*m**2 + 335*m - 8003. Give u(27).
4687
Let c(t) = -79*t - 105. Determine c(-16).
1159
Let a(k) = -2*k**3 - 1931*k**2 - 4789*k + 25075. Determine a(-963).
37
Let k(c) = 6*c**2 + 206*c + 2360. What is k(-14)?
652
Let m(n) = 18*n**2 - 432*n + 44. What is m(24)?
44
Let m(j) = 4037*j - 88931. Calculate m(22).
-117
Let r(w) = -2158*w - 17307. Give r(-8).
-43
Let t(b) = 41*b - 139. What is t(12)?
353
Let x(m) = m**2 - 122*m + 3466. What is x(52)?
-174
Let q(j) = 29*j**2 + 583*j + 2843. Calculate q(-5).
653
Let o(c) = 83*c**2 + 438*c + 15. Calculate o(-6).
375
Let p(c) = -67497*c + 269982. Give p(4).
-6
Let a(c) = -3*c**2 - 2288*c - 235618. Determine a(-640).
-98
Let n(c) = 2*c**3 - 14*c**2 + 386*c - 5448. Calculate n(15).
3942
Let m(f) = -350*f - 7949. Calculate m(-23).
101
Let o(x) = -13*x**2 - 1432*x + 1187. Give o(-111).
-34
Let s(z) = -16*z**2 + 378*z + 1527. Determine s(27).
69
Let r(s) = 4*s**2 + 241*s - 140. Determine r(-69).
2275
Let n(v) = -139*v**2 - 12789*v - 79. Determine n(-92).
13
Let j(u) = 5*u**2 + 1005*u + 6883. What is j(-194)?
93
Let p(t) = 2*t**3 - 279*t**2 + 169*t - 4498. Give p(139).
-328
Let j(a) = a**3 + 81*a**2 - 113*a - 911. Give j(-82).
1631
Let b(o) = -97798*o - 1075782. Give b(-11).
-4
Let b(q) = -2169*q + 4233. Determine b(2).
-105
Let y(a) = 2*a + 1022. What is y(-20)?
982
Let b(w) = -3*w**2 + 586*w - 3431. Determine b(6).
-23
Let o(v) = -274*v + 98379. Give o(359).
13
Let v(n) = -4*n**2 - 5*n + 532. What is v(-15)?
-293
Let m(w) = -4*w**2 - 1284*w + 7630. Calculate m(6).
-218
Let z(r) = -212*r + 58528. Give z(276).
16
Let p(d) = 115*d + 2537. What is p(-26)?
-453
Let r(y) = y**3 + 277*y**2 + 4433*y + 3384. Give r(-260).
4
Let r(t) = 2*t**3 - 164*t**2 - 325*t - 152. What is r(84)?
772
Let b(a) = 2*a**2 + 196*a + 1669. Determine b(-87).
-245
Let b(a) = -3*a**3 + 36*a**2 + 11*a + 14. Give b(12).
146
Let h(a) = -645*a - 117330. What is h(-182)?
60
Let g(x) = 30*x**2 - 1783*x + 2493. Give g(58).
-1
Let d(u) = -9753*u - 409632. Determine d(-42).
-6
Let v(u) = -3*u**3 + 308*u**2 + 1975*u + 8. Give v(-6).
-106
Let i(r) = 102*r - 1786. Give i(18).
50
Let l(d) = -60721*d + 607168. Determine l(10).
-42
Let a(q) = -9*q**2 + 64*q + 296. Determine a(-9).
-1009
Let j(r) = 70*r + 9522. Determine j(-146).
-698
Let f(m) = 317*m**2 - 6346*m + 258. Calculate f(20).
138
Let g(b) = b**3 + 26*b**2 - 595*b - 14753. Give g(-29).
-21
Let o(m) = 306*m - 29368. Calculate o(107).
3374
Let n(z) = z**2 + 101*z + 2545. What is n(-23)?
751
Let k(w) = -211*w**2 + 793*w + 793. Determine k(-1).
-211
Let s(w) = 3*w**3 + 42*w**2 + 65*w + 1620. What is s(-15)?
-30
Let m(b) = 37*b**3 + 9507*b**2 - 546*b - 8175. Determine m(-257).
49
Let a(j) = 2*j**3 - 143*j**2 + 99*j - 897. What is a(71)?
1091
Let l(g) = -2*g**2 + 538*g + 5554. Give l(-10).
-26
Let m(g) = 333*g**3 + 41*g**2 + 35*g - 7. Determine m(-1).
-334
Let i(l) = 2*l**3 + 46*l**2 - 2555*l + 733. Determine i(26).
551
Let v(t) = 183908*t + 1103492. Give v(-6).
44
Let x(h) = 14*h**2 - 362*h - 2138. What is x(-5)?
22
Let n(u) = 4429*u - 212592. Determine n(48).
0
Let o(s) = -s**2 + 12*s + 5632. Calculate o(75).
907
Let s(m) = 40*m**2 + 63*m + 215. Give s(-4).
603
Let u(m) = -4*m**3 + 315*m**2 - 231*m - 621. What is u(78)?
-387
Let n(g) = -5*g**2 - 1028*g + 51974. What is n(42)?
-22
Let b(f) = -f**3 + 64*f**2 + 124*f + 267. Determine b(66).
-261
Let r(w) = -11*w**2 - 2737*w - 8198. Determine r(-3).
-86
Let f(y) = 2*y**3 - 116*y**2 - 131626*y + 7634315. Calculate f(58).
7
Let m(u) = 758*u - 24686. Determine m(36).
2602
Let c(j) = 1606*j - 277674. Give c(173).
164
Let c(s) = s**2 - 66*s - 8486. Calculate c(-65).
29
Let v(l) = l**2 - 12847*l + 218109. What is v(17)?
-1
Let y(q) = -q**3 - 34*q**2 + 4277*q + 142224. Give y(-33).
-6
Let u(d) = -33520*d + 33528. Determine u(1).
8
Let q(w) = 5*w**3 - 12*w**2 + 12*w + 13. Give q(3).
76
Let f(i) = -11491*i - 55432. What is f(-5)?
2023
Let q(c) = 1572*c - 59799. Determine q(38).
-63
Let w(o) = 15179*o - 925852. What is w(61)?
67
Let x(y) = 444*y**2 + 4907*y + 247. What is x(-11)?
-6
Let s(b) = -b**3 + 126*b**2 + 356*b + 3764. Determine s(129).
-235
Let x(z) = -23*z**2 - 3478*z + 211. What is x(-151)?
966
Let t(v) = 2*v**2 + 146*v - 2630. Give t(15).
10
Let p(t) = t**3 + 4*t**2 - 6215*t - 24881. Give p(-4).
-21
Let y(d) = 6*d**3 + 207*d**2 + 208*d + 1. Determine y(-1).
-6
Let u(x) = 2*x**3 + 342*x**2 - 379*x - 6020. Determine u(-172).
0
Let n(q) = 76*q - 9969. Give n(90).
-3129
Let w(g) = 2*g**3 + 40*g**2 + 8*g + 352. Calculate w(-21).
-698
Let w(l) = l**2 + 96*l + 1226. What is w(-49)?
-1077
Let o(a) = -475505*a + 475524. Determine o(1).
19
Let g(z) = -z**2 + 135*z - 186. Give g(131).
338
Let y(b) = b**3 + b**2 + 65*b + 239. What is y(-5)?
-186
Let p(f) = 49*f**2 - 2556*f + 7598. Determine p(49).
3
Let i(o) = 23*o**3 + 25140*o**2 + 1185*o + 100559. Calculate i(-1093).
3
Let u(m) = 394*m - 31183. Give u(79).
-57
Let c(r) = -104*r**2 - 5298*r + 306. Calculate c(-51).
0
Let j(y) = -19*y**2 + 30792*y + 185439. Give j(-6).
3
Let a(t) = -15*t**3 - 298*t**2 - 996*t + 1502. Give a(-15).
17
Let j(k) = 1981*k - 182250. What is j(92)?
2
Let c(i) = -i**3 + 13*i**2 + 1754*i - 3545. What is c(48)?
7
Let h(f) = 57*f + 6665. Give h(-122).
-289
Let g(j) = 8*j**2 - 647*j + 367. Give g(80).
-193
Let f(g) = -g**3 + 81*g**2 - 497*g - 6373. Determine f(73).
-22
Let w(n) = 8888*n - 106614. Calculate w(12).
42
Let u(q) = 2792*q - 14888. Determine u(5).
-928
Let d(z) = -25*z**3 + 2098*z**2 + 176*z - 188. What is d(84)?
484
Let d(r) = 2*r**2 + 330*r - 9539. Give d(26).
393
Let g(r) = -590*r + 24377. Determine g(41).
187
Let g(i) = -259*i**2 + 18130*i - 11. Determine g(70).
-11
Let d(b) = -b**2 + 1103*b - 32005. Determine d(30).
185
Let p(d) = -4*d**2 + 972*d - 8556. Determine p(9).
-132
Let z(b) = -5*b**2 + 2291*b + 227730. Give z(-84).
6
Let g(u) = -4834*u - 671911. Give g(-139).
15
Let i(m) = 226*m**2 - 105*m - 16. Determine i(-1).
315
Let q(c) = c**2 - 932*c + 34844. Give q(39).
17
Let g(u) = 33*u**3 - u**2 - 196*u - 391. Calculate g(-2).
-267
Let y(p) = -3*p**3 + 7*p**2 - 841*p + 168